 12 + -7?
3
What is the value of (-8 + 69 - 58) + -14 + -2 + 2 + -2?
-13
Calculate -113 - (53 + -83 + -10).
-73
What is the value of 26 - (-33 + 42 + 10) - (-47 - 0)?
54
Calculate (-24 - 20) + (5 + -2 - 8).
-49
What is 74 - (5 - (-8 - 5 - 3) - 11)?
64
What is -80 + 140 + (-1 - 2) - (48 - 35)?
44
What is (73 - -152 - 226) + (0 - 2 - (34 + -5))?
-32
Calculate -100 - (-24 + -62 + 31).
-45
Evaluate 53 + -22 + (-25 - -53).
59
What is -4 + (-14 - -41) + -32 - -79?
70
Calculate -9 + 36 + -41 + -5 + (34 - -4).
19
Calculate (0 - -1 - 2) + -4 + -3 + 6 - 26.
-28
What is -42 + 78 - 40 - 21?
-25
What is the value of -2 + (-17 - 14) + -142 + 164?
-11
Calculate 79 - (-97 + 167 + 59).
-50
What is -19 + 10 + -40 + 42?
-7
Calculate 5 - (-27 + -4 + 19 + (2 - 6)).
21
What is 7 + -3 + 8 - (67 - (134 - 79))?
0
Evaluate 65 + 57 + (-106 - -27).
43
Calculate 57 + (21 - (20 - (-15 + 9 - -9))).
61
Evaluate 183 - 195 - (1 - -15) - -7.
-21
26 + 1456 + -1482 + 1 + 35
36
Evaluate 56 + -5 - (-755 - -758).
48
Evaluate -60 - (22 - -9 - 55 - 8).
-28
What is the value of (-185 + 319 - 129) + (-92 - (-2 + 1))?
-86
What is (-6 - ((-1 - -7) + (-14 - -1))) + -18?
-17
Calculate (-6 - (-50 + -38)) + -151.
-69
Calculate -24 + 41 - 26 - 17.
-26
What is 79 - (98 + (-120 - -34))?
67
-350 - -343 - (0 - -32 - (-11 + 13 - 2))
-39
Evaluate -21 + -8 + 14 + 34 + 3.
22
What is -21 - -31 - (-8 - -27) - 25?
-34
What is 2 + -144 + 316 + -148?
26
Evaluate 65 - (-11 + 21 + (-2 - 11) + -16).
84
Evaluate (-5 - 29) + 1 + (0 - -9 - 16) - -8.
-32
(-1 - -55) + -40 + 65 + -45
34
What is 4 - (-3 - 29) - (-109 + 128)?
17
Calculate 21 + 16 + (3 - 8 - -3) + -11.
24
What is the value of -14 - (-164 + -37 + 84)?
103
What is the value of (13 - (34 + -57 - -34)) + 28?
30
Calculate 27 + -83 + (-14 + 26 - 48).
-92
Calculate 16 + (4 - (2 + 22) - (99 + -105)).
2
What is the value of -29 + 91 + (19 - 70)?
11
What is 8 - (1 + (45 - ((22 - 27) + (16 - 2))))?
-29
(-14 - 10 - (51 + -73)) + -1 + 22 - -6
25
What is (-35 + 34 - (2 + 18)) + -16?
-37
Evaluate -1000 + 984 + 0 + -29.
-45
Evaluate -1 + 13 - (21 + -52 + 39) - 7 - -16.
13
What is -102 + (6 + -2 - (20 - 21)) + -34 + 21?
-110
What is the value of 24 + (-18 - 62) - -26?
-30
Calculate -55 + 1 + (2 + -41 - (229 - 270)).
-52
-1 - -7 - (23 + -10 + -16 + -21) - -11
41
Evaluate (-52 + 39 - -24 - (-1 + 12)) + 6.
6
What is (46 - 4) + 12 + -1 - 31?
22
-23 + (39 - (-41 + 33))
24
109 + (-32 - 111) + 108
74
What is the value of -14 + (-20 - (4 + (-29 - -7 - -80)))?
-96
Evaluate -2 - (6 + -8 - (-3 + -6 + 1 + 11)).
3
What is the value of -52 + -6 + (107 - 10)?
39
Evaluate -19 + 20 + -32 - -28 - 21.
-24
(1051 - 1047) + (-3 - -3 - -12)
16
(-1 + 1 - -2) + (-232 - (-63 + -175))
8
(24 - -29) + -190 + (-13 - -2)
-148
Evaluate -6 + (14 - 16) + 12.
4
What is the value of -157 - (-113 - 7) - (1 + -187)?
149
What is (-23 - (2 - -3)) + 10 - (20 + 1)?
-39
What is 14 - (-57 + 51 + 36 + -4)?
-12
1 + -14 + (-9581 - -9562)
-32
1241 - 1217 - (89 + 2)
-67
Calculate 15 - (-5 - -3 - (-3 + -7 - 8)).
-1
What is the value of -1 - -1 - ((-5 - 0) + (-11 - (-94 + 21)))?
-57
What is 78 + 99 + (-112 - 188)?
-123
-376 + 390 + (4 - 2) + 9
25
((-15 - -27) + -1 - -1) + -43 + 7
-24
What is 62 + (-8 - 1) + -5?
48
32 - (41 + -4) - (49 + -1 + -7)
-46
What is the value of -126 + (158 - 71) - (-47 - 1)?
9
2 - (5 - (5 + 1) - (-40 - 1)) - 5
-43
What is the value of 1840 - 1828 - (0 + 58)?
-46
Evaluate (-252 - -215) + (56 - -2).
21
What is the value of -189 + 5 - 6 - -95?
-95
What is the value of (72 - -1 - 51) + 30?
52
What is -51 - ((79 - 34) + -67) - 110?
-139
Evaluate -7 - (10 - 0 - (2 + 11) - 4) - 27.
-27
-22 - (19 - -9 - -6 - 5)
-51
What is the value of 1 - 3 - (480 + -428)?
-54
3 + (6 + -2 - (-11 + (-12 - -5)))
25
What is 4038 - 4021 - (-1 - (-12 - (0 + -2)))?
8
What is the value of -1 - (0 - -1) - (241 - 175 - 133)?
65
What is the value of -1 - 45 - -57 - 56?
-45
What is the value of (-270 - -133 - -31) + 66?
-40
(-10 - -50) + -68 + 52 - -80
104
Evaluate 10 - ((-5 - (-6 - 8) - (3 + 4)) + -7).
15
What is 18 + -30 - (-3 - 8) - 17?
-18
-8 - (17 + -22) - (13 - (127 + -15))
96
Calculate 89 + -90 - (2 + -41).
38
What is the value of -59 + 42 + 51 + -3?
31
Evaluate (1 - 4 - 43) + (-5 - 0 - (62 + -65)).
-48
What is -39 + 15 - (-12 - -6 - 13)?
-5
Evaluate (-3 - (-12 - -20 - 10)) + 19.
18
Calculate -3 + 1 + -2 - (76 - 80) - (-48 + 3).
45
What is the value of (-31 - 38) + 48 + 16?
-5
What is the value of -12 - (-13 + 12) - 15 - (-4 + -1 - -5)?
-26
What is (37 - (-7 - (-12 + 17))) + (11 - 0 - 10)?
50
Evaluate -184 - -2 - (306 - 384).
-104
(-7 - -2) + 2 - (-58 - 7 - (-7 + -2))
53
Calculate -98 + (92 - 18) + 88.
64
Calculate 28 + (-474 - -478 - (-3 - 23)).
58
Calculate (6 - -3) + -41 + 37 + 51 + -11.
45
-55 + 5 - (-53 - -41 - -8)
-46
Calculate (7 - 17 - -21) + -28 + -21.
-38
Calculate -4166 + 4174 + (0 - 0 - (99 + -3)).
-88
41 + -34 - (-1 - 25) - (3 + -7 - 0)
37
What is the value of -6 + (12 - 7) - ((-13 - -11) + 38)?
-37
Evaluate -11 + -30 + -32 - ((-1 - 9) + (3 - 2)).
-64
What is 19 - ((67 - 1) + (129 - 126))?
-50
(21 - (0 + 4)) + -11 - 11 - -23
18
What is the value of 9 - (88 - (81 + -63))?
-61
What is (-9 - -4) + 28 - 24 - 5?
-6
7 + (-4 + 31 - (-11 + -8 + 16 + 9))
28
What is 116 - ((82 - 8) + 30)?
12
What is the value of (5 - 4) + 8 + -14 + -1 + 48?
42
6 + (-20 - 4) + 18 + -14 + (11 - 0)
-3
-7986 - -7956 - (16 + (1 - 1))
-46
Evaluate (-7 + 12 + -23 - 5) + -3 + 14 - -93.
81
What is 21 + -5 + 5 + 4 + 61 + -196?
-110
-11 - -1 - ((-20 - (-11 - 4) - 6) + -52)
53
What is the value of -2 + -1 + 13 + 3 - (30 + -5)?
-12
What is the value of 17 + -12 - (-130 - -141)?
-6
Evaluate 12 - 27 - (-128 - -11 - 5 - (-7 - -17)).
117
What is the value of 11 + -15 + -18 + (-5 - 6) + (-9 - 1)?
-43
What is 9 + (-1 - 72 - -42 - (-1 - 14))?
-7
Calculate 9 + -1 + (48 - 150) + (-1 - 1 - -12).
-84
What is -53 + (-2 - -5) - (143 + (126 - 288))?
-31
What is the value of 61 + ((-21 - -44) + -25 - 13)?
46
Evaluate -2 + 2 + -4 - ((14 + -27 - -28) + -49).
30
What is (-4 - (4 + 0)) + (29 - 21) + (-1 - -20)?
19
What is the value of (-74 + 118 - 36) + 83?
91
What is the value of 57 - 44 - 9 - ((3 - -50) + 2)?
-51
1 + 10 + -8 - (-5 - 2 - -43)
-33
Calculate -31 - (-192 + -48 + 122).
87
Evaluate -34 + (77 + -36 - 26) - 69.
-88
What is the value of (-38 - (-48 + 59 + -30)) + 145?
126
What is -121 + -5 - (-96 - -43)?
-73
-57 - (12 - 83) - 67
-53
Evaluate -3 + ((-31 - -88) + -55 - (-3 - (3 - 1))).
4
What is the value of (-1126 + 1122 - (0 + 108)) + -19 + 1?
-130
What is the value of -59 + 101 + (-2 - -7) + -6 + -1 + 10?
50
(-91 - 3) + 1 + -12 + 3 + -4 + 12
-94
(21 + (28 - 44) - -12) + 14
31
What is -30 - ((16 - 36) + -20)?
10
Evaluate 1 + 19 - (-136 + -10 - -161).
5
Calculate 48 - (27 + -57 + (61 - 31)).
48
Calculate 40 - (9 - (-5 - -11) - -9).
28
What is the value of -12 + (4 - -48) - 22?
18
(2 - 2) + -1862 + 1903
41
What is -72 - (4 + (12 + (8 - 26) - (-6 + 0)))?
-76
Calculate (7 - -3 - (336 + -328 + -1 + 1)) + -99.
-97
What is (7 + -16 - -31 - 7) + -5 + -17?
-7
Calculate -2 + 11 - -2 - (17 - (64 - 69)).
-11
393 - 386 - (23 - 0)
-16
Calculate -6 - (-4 + (-12 - -22) + -6 - -10).
-16
What is -18 + 22 - (8 + 8 + -4) - 3?
-11
What is -157 - (-18 - (-39 + (-19 - -58)))?
-139
What is 15 + -1 - 1 - (61 + -56 - -13)?
-5
What is -2 + (-3 - -12) + -6 + (-40 + -10 - -4)?
-45
Calculate -15 - (-21 - (11 + -31 + 2)).
-12
Calculate -15 + (0 - (3 - -7)) + (24 - (11 + 2)).
-14
What is (-2 - -15) + 2 + (2 - 24 - (935 + -955))?
13
What is (19 - 20) + -8 + -45?
-54
What is (-58 - (-66 - 42)) + 30?
80
Evaluate -69 + 2 + 103 + 89.
125
Calculate (33 + -15 - -18) + (-10 - 10).
16
What is the value of 23 + -1 + (648 - 659) + (3 + -6 - 42)?
-34
What is the value of 12273 - 12281 - (0 + (-25 - 0))?
17
Calculate (9 - 11) + -24 - 20.
-46
Evaluate -143 - (-67 - 11) - -138.
73
Calculate 0 + (-41 - (-35 + 29)).
-35
What is the value of -3 - ((131 - 96) + -124)?
86
Evaluate 11 + 7 + -19 + 10 + -6.
3
What is the value of -20 + (-5 - -20) + 10 - (-1 - -5)?
1
What is the value of 26 - -28 - (2 - 0) - 6 - (-9 + 1)?
54
What is -29 - (-34 - (-12 - 16))?
-23
(-5 - -49) + (13 - (-22 - -29))
50
Evaluate -1 - 2 - ((52 - 29) + -39) - 20.
-7
Calculate (59 - 7) + -26 + 22 + -9.
39
Evaluate -9 + -80 + 78 + 1